{"id":258,"date":"2026-04-05T23:24:02","date_gmt":"2026-04-05T23:24:02","guid":{"rendered":"https:\/\/fachadasycubiertasidg.com\/?page_id=258"},"modified":"2026-04-06T13:31:48","modified_gmt":"2026-04-06T13:31:48","slug":"acerca-de","status":"publish","type":"page","link":"https:\/\/fachadasycubiertasidg.com\/en\/acerca-de\/","title":{"rendered":"About"},"content":{"rendered":"<div data-elementor-type=\"wp-page\" data-elementor-id=\"258\" class=\"elementor elementor-258\" data-elementor-post-type=\"page\">\n\t\t\t\t<div class=\"elementor-element elementor-element-493be887 e-flex e-con-boxed e-con e-parent\" data-id=\"493be887\" data-element_type=\"container\" data-e-type=\"container\" data-settings=\"{&quot;background_background&quot;:&quot;classic&quot;}\">\n\t\t\t\t\t<div class=\"e-con-inner\">\n\t\t\t\t<div class=\"elementor-element elementor-element-219b0b27 elementor-widget elementor-widget-heading\" data-id=\"219b0b27\" data-element_type=\"widget\" data-e-type=\"widget\" data-widget_type=\"heading.default\">\n\t\t\t\t\t<h1 class=\"elementor-heading-title elementor-size-default\">Specialists in roof and facade renovation<\/h1>\t\t\t\t<\/div>\n\t\t\t\t<div class=\"elementor-element elementor-element-2451e48e elementor-widget elementor-widget-text-editor\" data-id=\"2451e48e\" data-element_type=\"widget\" data-e-type=\"widget\" data-widget_type=\"text-editor.default\">\n\t\t\t\t\t\t\t\t\t<p>Technical solutions for homeowners' associations in Madrid<\/p>\t\t\t\t\t\t\t\t<\/div>\n\t\t\t\t\t<\/div>\n\t\t\t\t<\/div>\n\t\t<div class=\"elementor-element elementor-element-463f2acc e-flex e-con-boxed e-con e-parent\" data-id=\"463f2acc\" data-element_type=\"container\" data-e-type=\"container\" data-settings=\"{&quot;background_background&quot;:&quot;classic&quot;}\">\n\t\t\t\t\t<div class=\"e-con-inner\">\n\t\t<div class=\"elementor-element elementor-element-3c322fe5 e-con-full e-flex e-con e-child\" data-id=\"3c322fe5\" data-element_type=\"container\" data-e-type=\"container\">\n\t\t\t\t<div class=\"elementor-element elementor-element-747b6422 elementor-widget elementor-widget-heading\" data-id=\"747b6422\" data-element_type=\"widget\" data-e-type=\"widget\" data-widget_type=\"heading.default\">\n\t\t\t\t\t<h2 class=\"elementor-heading-title elementor-size-default\">Commitment and professionalism in every project<\/h2>\t\t\t\t<\/div>\n\t\t\t\t<div class=\"elementor-element elementor-element-47b2d133 elementor-widget elementor-widget-text-editor\" data-id=\"47b2d133\" data-element_type=\"widget\" data-e-type=\"widget\" data-widget_type=\"text-editor.default\">\n\t\t\t\t\t\t\t\t\t<div class=\"elementor-element elementor-element-1efeb2d elementor-widget elementor-widget-text-editor\" data-id=\"1efeb2d\" data-element_type=\"widget\" data-widget_type=\"text-editor.default\"><div class=\"elementor-widget-container\"><p data-start=\"718\" data-end=\"1048\">IDG Cubiertas y Fachadas is a company specializing in the renovation of roofs and facades in Madrid and its metropolitan area. Our activity focuses on carrying out works derived from technical building inspections (ITE), approved assessments, and structural pathologies detected in homeowners' associations.<\/p><p data-start=\"1050\" data-end=\"1253\">Our team combines field experience with technical knowledge, allowing us to approach each project with a comprehensive vision, ensuring effective, safe, and customized solutions for every building.<\/p><\/div><\/div>\t\t\t\t\t\t\t\t<\/div>\n\t\t\t\t<div class=\"elementor-element elementor-element-11f1ba33 elementor-widget elementor-widget-button\" data-id=\"11f1ba33\" data-element_type=\"widget\" data-e-type=\"widget\" data-widget_type=\"button.default\">\n\t\t\t\t\t\t\t\t\t\t<a class=\"elementor-button elementor-button-link elementor-size-sm\" href=\"\/en\/contacto\/\">\n\t\t\t\t\t\t<span class=\"elementor-button-content-wrapper\">\n\t\t\t\t\t\t\t\t\t<span class=\"elementor-button-text\">Request a quote<\/span>\n\t\t\t\t\t<\/span>\n\t\t\t\t\t<\/a>\n\t\t\t\t\t\t\t\t<\/div>\n\t\t\t\t<\/div>\n\t\t<div class=\"elementor-element elementor-element-4786f7c0 e-con-full e-flex e-con e-child\" data-id=\"4786f7c0\" data-element_type=\"container\" data-e-type=\"container\">\n\t\t\t\t<div class=\"elementor-element elementor-element-7f08c9e6 elementor-widget elementor-widget-image\" data-id=\"7f08c9e6\" data-element_type=\"widget\" data-e-type=\"widget\" data-widget_type=\"image.default\">\n\t\t\t\t\t\t\t\t\t\t\t\t\t\t\t<img fetchpriority=\"high\" decoding=\"async\" width=\"1024\" height=\"1024\" src=\"https:\/\/fachadasycubiertasidg.com\/wp-content\/uploads\/2026\/04\/fachadasycubiertasidg.com-12-1024x1024.png\" class=\"attachment-large size-large wp-image-354\" alt=\"fachadasycubiertasidg.com\" srcset=\"https:\/\/fachadasycubiertasidg.com\/wp-content\/uploads\/2026\/04\/fachadasycubiertasidg.com-12-1024x1024.png 1024w, https:\/\/fachadasycubiertasidg.com\/wp-content\/uploads\/2026\/04\/fachadasycubiertasidg.com-12-300x300.png 300w, https:\/\/fachadasycubiertasidg.com\/wp-content\/uploads\/2026\/04\/fachadasycubiertasidg.com-12-150x150.png 150w, https:\/\/fachadasycubiertasidg.com\/wp-content\/uploads\/2026\/04\/fachadasycubiertasidg.com-12-768x768.png 768w, https:\/\/fachadasycubiertasidg.com\/wp-content\/uploads\/2026\/04\/fachadasycubiertasidg.com-12.png 1080w\" sizes=\"(max-width: 1024px) 100vw, 1024px\" title=\"About\">\t\t\t\t\t\t\t\t\t\t\t\t\t\t\t<\/div>\n\t\t\t\t<\/div>\n\t\t\t\t\t<\/div>\n\t\t\t\t<\/div>\n\t\t<div class=\"elementor-element elementor-element-533bed1c e-flex e-con-boxed e-con e-parent\" data-id=\"533bed1c\" data-element_type=\"container\" data-e-type=\"container\" data-settings=\"{&quot;background_background&quot;:&quot;classic&quot;}\">\n\t\t\t\t\t<div class=\"e-con-inner\">\n\t\t<div class=\"elementor-element elementor-element-22cb236c e-con-full e-flex e-con e-child\" data-id=\"22cb236c\" data-element_type=\"container\" data-e-type=\"container\">\n\t\t\t\t<div class=\"elementor-element elementor-element-6add6389 elementor-widget elementor-widget-heading\" data-id=\"6add6389\" data-element_type=\"widget\" data-e-type=\"widget\" data-widget_type=\"heading.default\">\n\t\t\t\t\t<p class=\"elementor-heading-title elementor-size-default\">Request a quote<\/p>\t\t\t\t<\/div>\n\t\t\t\t<div class=\"elementor-element elementor-element-3c4bb830 elementor-widget elementor-widget-text-editor\" data-id=\"3c4bb830\" data-element_type=\"widget\" data-e-type=\"widget\" data-widget_type=\"text-editor.default\">\n\t\t\t\t\t\t\t\t\t<p>We analyze your case and offer you a technical solution adapted to your building, with a clear and non-binding quote.<\/p>\t\t\t\t\t\t\t\t<\/div>\n\t\t\t\t<\/div>\n\t\t<div class=\"elementor-element elementor-element-19721812 e-con-full e-flex e-con e-child\" data-id=\"19721812\" data-element_type=\"container\" data-e-type=\"container\">\n\t\t\t\t<div class=\"elementor-element elementor-element-f09d7a6 elementor-widget elementor-widget-button\" data-id=\"f09d7a6\" data-element_type=\"widget\" data-e-type=\"widget\" data-widget_type=\"button.default\">\n\t\t\t\t\t\t\t\t\t\t<a class=\"elementor-button elementor-button-link elementor-size-sm\" href=\"\/en\/contacto\/\">\n\t\t\t\t\t\t<span class=\"elementor-button-content-wrapper\">\n\t\t\t\t\t\t\t\t\t<span class=\"elementor-button-text\">Request a quote<\/span>\n\t\t\t\t\t<\/span>\n\t\t\t\t\t<\/a>\n\t\t\t\t\t\t\t\t<\/div>\n\t\t\t\t<\/div>\n\t\t\t\t\t<\/div>\n\t\t\t\t<\/div>\n\t\t\t\t<\/div>","protected":false},"excerpt":{"rendered":"<p>Especialistas en rehabilitaci\u00f3n de cubiertas y fachadas Soluciones t\u00e9cnicas para comunidades de propietarios en Madrid Compromiso y profesionalidad en cada proyecto IDG Cubiertas y Fachadas es una empresa especializada en la rehabilitaci\u00f3n de cubiertas y fachadas en Madrid y su \u00e1rea metropolitana. Nuestra actividad se centra en la ejecuci\u00f3n de obras derivadas de inspecciones t\u00e9cnicas [&hellip;]<\/p>\n","protected":false},"author":2,"featured_media":0,"parent":0,"menu_order":0,"comment_status":"closed","ping_status":"closed","template":"","meta":{"footnotes":""},"class_list":["post-258","page","type-page","status-publish","hentry"],"blocksy_meta":[],"_links":{"self":[{"href":"https:\/\/fachadasycubiertasidg.com\/en\/wp-json\/wp\/v2\/pages\/258","targetHints":{"allow":["GET"]}}],"collection":[{"href":"https:\/\/fachadasycubiertasidg.com\/en\/wp-json\/wp\/v2\/pages"}],"about":[{"href":"https:\/\/fachadasycubiertasidg.com\/en\/wp-json\/wp\/v2\/types\/page"}],"author":[{"embeddable":true,"href":"https:\/\/fachadasycubiertasidg.com\/en\/wp-json\/wp\/v2\/users\/2"}],"replies":[{"embeddable":true,"href":"https:\/\/fachadasycubiertasidg.com\/en\/wp-json\/wp\/v2\/comments?post=258"}],"version-history":[{"count":10,"href":"https:\/\/fachadasycubiertasidg.com\/en\/wp-json\/wp\/v2\/pages\/258\/revisions"}],"predecessor-version":[{"id":357,"href":"https:\/\/fachadasycubiertasidg.com\/en\/wp-json\/wp\/v2\/pages\/258\/revisions\/357"}],"wp:attachment":[{"href":"https:\/\/fachadasycubiertasidg.com\/en\/wp-json\/wp\/v2\/media?parent=258"}],"curies":[{"name":"wp","href":"https:\/\/api.w.org\/{rel}","templated":true}]}}

<p>Especialistas en rehabilitación de cubiertas y fachadas Soluciones técnicas para comunidades de propietarios en Madrid Compromiso y profesionalidad en cada proyecto IDG Cubiertas y Fachadas es una empresa especializada en la rehabilitación de cubiertas y fachadas en Madrid y su área metropolitana. Nuestra actividad se centra en la ejecución de obras derivadas de inspecciones técnicas [&hellip;]</p>
